86 - 2818 = 0. Calculate the remainder when 583 is divided by f.
5
Let t(j) = j**3 - 43*j**2 + 140*j + 318. Calculate the remainder when t(45) is divided by 227.
226
Let i be (0 - -141 - 1)/(2 + -1). Let b = 218 - i. Calculate the remainder when b is divided by 16.
14
Suppose 0*x - 3*d - 88 = -x, -3*d + 288 = 3*x. Let m(f) = -f**2 - 401*f - 8677. What is the remainder when x is divided by m(-23)?
9
Suppose -184*z - 9517 = -219*z + 10083. Calculate the remainder when z is divided by 4.
0
Let x = 124 + -88. Suppose 2*q - x = -2*u, 3*u - 5*q - 47 = -q. Calculate the remainder when 67 is divided by u.
16
Let a = -7 - -66. Let p = -8368 - -8404. Calculate the remainder when a is divided by p.
23
Suppose 5*a + 20 = 2*q, 3*q + 4*a + 0*a = 30. Let z(v) = v**2 - v. Let s be z(0). Suppose s = -2*p + p + 30. What is the remainder when p is divided by q?
0
Suppose -3*m = -5*x + 1645, 498 = 4*x + 2*m - 840. Calculate the remainder when x is divided by ((-67)/3)/(4/(-12)).
64
Let f = 383 + -363. Suppose 7*j - 11*j - 4 = 0. What is the remainder when j/3 - (-175)/3 is divided by f?
18
Suppose 4*y + 4 = 0, -2*x + y = 2 - 15. Suppose -1077 = -4*i - 3*a - 126, -i + 255 = -5*a. Let v = i + -237. Calculate the remainder when x is divided by v.
0
Suppose -70*y = 4*f - 68*y - 5768, -8*y + 2856 = 2*f. What is the remainder when f is divided by 86?
68
Suppose -5*r + 1080 = 3*r. Suppose -s - r = -5*p + 4*s, -3*p + 85 = -4*s. Calculate the remainder when 63 is divided by p.
17
Suppose 0 = -v - 5*y - 6, 4*v = 2*v - 3*y + 23. Suppose -23*g + 57 = 172. Calculate the remainder when 0/g - -53 - (3 + -6) is divided by v.
18
Let m(x) = -6*x + 0*x + 4*x - 13. Let u be m(-8). What is the remainder when (34 + u)*-1*-1 is divided by 19?
18
Let s(b) = 2*b**2 - 112*b + 419. Calculate the remainder when 849 is divided by s(4).
0
Let q be 30 - ((-1 - -2) + -2). Suppose 0 = -3*o + q + 65. What is the remainder when (-18)/24*4*158/(-3) is divided by o?
30
Let x = 29 + -20. Suppose 2*m - 171 = -5*j, 3*m + 3*j = -2*j + 269. Suppose -m + 298 = 8*o. Calculate the remainder when o is divided by x.
7
Calculate the remainder when (-22 + 476/21)/((-4)/(-1386)) is divided by 161.
70
Let o(d) = -d**3 - 15*d**2 - 14*d - 21. Let g be o(-14). Let u = 23 + g. Let s(f) = f**3 - f**2. Calculate the remainder when 8 is divided by s(u).
0
Suppose -u + 5*l = -314, 3*l + 4 = -11. What is the remainder when u is divided by 32?
1
Suppose -696 = -158*h + 129*h. Calculate the remainder when 909 is divided by h.
21
Let b(q) = 28*q + 283. Suppose v - 10 = -w - 3*v, -22 = -w + 2*v. Calculate the remainder when b(-7) is divided by w.
15
What is the remainder when (-409360)/(-255) - 10/(-6) is divided by 62?
57
Let o(z) = 17*z**2 - 11*z - 12. Let t be o(-1). Suppose -34 = -4*r - 5*k, 7 - 3 = 2*r - 4*k. What is the remainder when 120/t*4 + 5 is divided by r?
5
Let z(w) = 30*w**2 - 22*w + 1. What is the remainder when 75 is divided by z(-1)?
22
Let y(h) = 42*h - 1329. Calculate the remainder when y(38) is divided by 60.
27
Let d(l) = -l**3 + 44*l**2 + 439*l - 40. Calculate the remainder when d(-11) is divided by 363.
334
Suppose 64*n + 70*n - 3330 - 3236 = 0. What is the remainder when 7592 is divided by n?
46
Let w(f) = f**2 + 27*f + 53. Let n be w(-29). Let d = n - 66. Calculate the remainder when d is divided by 13.
6
Suppose 1311 = 3*k - 4*l, -46*k = -51*k + l + 2151. What is the remainder when k is divided by 60?
9
Let o = 819 - 795. Calculate the remainder when (-20)/o - (-3)/(-36)*-2158 is divided by 15.
14
Let n(s) = s**2 - 3. Suppose -5*o - 5*l + 31 = -64, -155 = -5*o + 5*l. What is the remainder when o is divided by n(-5)?
3
Suppose -z - 4*i = -3*i, -5*i = 3*z. Suppose -r + 195 = -z*r. What is the remainder when r is divided by 25?
20
Let y(u) = 7*u**3 + u**2 + 2*u - 2. Let c be y(1). Suppose -2*o = -4 - c. Calculate the remainder when (-24 - -44)*-21*2/(-24) is divided by o.
5
Suppose 2*l - 2*c - 310 = 0, 5*l + c = 405 + 388. Calculate the remainder when l is divided by 116.
42
What is the remainder when ((-445734)/(-1674) - 6/(-93))*6 is divided by 41?
40
Let n(j) = -2*j**3 - j**2 - 2*j + 4. Suppose -4*p = 3*s - 12, -2*p + 12 = -3*s + 2*p. What is the remainder when n(-3) is divided by (s - 2 - (-8 - -4)) + 13?
10
Let n = 992 + -934. Suppose -4*j = -8, -3*m - 43 = -8*m + j. Calculate the remainder when n is divided by m.
4
Suppose -815*z - 15 = -820*z. What is the remainder when 945 is divided by z?
0
Let i(p) = -p**3 + 22*p**2 + 3*p - 65. Let d be i(22). What is the remainder when (139 - 5*6/15)*d is divided by 28?
25
Let p(m) = m**3 + 13*m**2 + 13*m - 3. Let r be p(-11). Suppose 0 = -67*x + 70*x - r. What is the remainder when x is divided by 5?
2
Suppose -6*i + 3*h = -4*i - 182, -h = 4. What is the remainder when 3562 is divided by i?
77
Let u = 59427 - 39250. What is the remainder when u is divided by 171?
170
Let v(j) = j**2 + 29*j - 27. Let i be v(-30). Suppose 4*k - 699 = i*m, 882 = 5*k - m - 0*m. Calculate the remainder when k is divided by 18.
15
Suppose 0 = -3*f - 2*m + 1348, -4*f + 1797 = -22*m + 25*m. What is the remainder when f is divided by 59?
37
Suppose 2*z = 10*n - 6210, 4*n - 2005 = -z + 488. What is the remainder when n is divided by 610?
12
Let s = -999 - -367. Let v = 375 - s. Calculate the remainder when v is divided by 112.
111
Let x = -3862 + 4056. Calculate the remainder when x is divided by 17.
7
Let l be (1 - 1)/((-2)/(-1) + -1). Suppose 5*p + 315 = 5*a, 4*a + l*a = -2*p + 228. What is the remainder when a is divided by (-9)/(-15)*(24 - -1)?
14
Suppose 0 = 176*t - 2243 + 835. Suppose -1 + 41 = 5*o. Let v = o + 23. Calculate the remainder when v is divided by t.
7
Let b = -99 + 65. Let w(y) = -2*y - 28. What is the remainder when 637 is divided by w(b)?
37
Suppose 11*h = 10*h + 50. Let l(q) = -2 - 123*q - h*q - 6*q. Calculate the remainder when l(-1) is divided by 36.
33
Suppose -4*a + 1129*l = 1126*l - 342, a = l + 90. Suppose 36 + 60 = 4*c. Calculate the remainder when a is divided by c.
0
Let v be 5 + (1 - 3) + 123. Suppose 3*t = -0*t. Suppose t = 10*n - n - v. What is the remainder when 26 is divided by n?
12
Let q = -2214 + 2266. What is the remainder when 776 is divided by q?
48
Suppose -5 = -2*m + 13. Calculate the remainder when (-1 - 6) + 15*40/25 + -1 is divided by m.
7
Suppose 0 = -105*z - 31049 + 196679 + 19275. Calculate the remainder when z is divided by 84.
81
Let s = 100 + -112. Let r be (2/(-3))/((-4)/s*-1). Suppose -y - r*h = -3*y + 180, 0 = -3*y - 3*h + 264. Calculate the remainder when y is divided by 13.
11
Let h be 9/((-81)/(-30))*12/8. Suppose -3*m = h*t - 113, 42 = 5*m - 3*m - 5*t. What is the remainder when m is divided by 7 - (0 - -1)*-2?
4
Calculate the remainder when 617 is divided by -1 - 3 - (-28 + (-225)/(-15)).
5
Let s(y) = y**3 + 5*y**2 - 35*y - 12. What is the remainder when 805 is divided by s(-7)?
130
Suppose 0 = 13*s - 7815 + 462 - 10275. What is the remainder when s is divided by 269?
11
What is the remainder when 677 is divided by (16000/375)/((-2)/(-6))?
37
Suppose 4*c = -4*w + 184, -5*w - 80 + 338 = -2*c. Let q(z) = 156*z + 183. Calculate the remainder when w is divided by q(-1).
23
Let n(d) = -d**3 + 3*d + 2. Suppose -6*a + 9*a = 5*f - 55, f = 2. Let g(s) = 2*s + 47. Calculate the remainder when g(a) is divided by n(-2).
1
Let s(h) = 22*h + 116. Let c(i) = -6*i + 1. Let k(m) = 3*c(m) - s(m). Calculate the remainder when 45 is divided by k(-3).
3
Let w(n) = 6*n**2 - n - 3. Calculate the remainder when 126 is divided by w(1).
0
Let i(y) = y**2 - 8*y - 7. Suppose -5*p = -29 - 26. Let x be i(p). Let s = 25 + x. Calculate the remainder when s is divided by 27.
24
Suppose -134*g + 72*g = -73*g + 55. Suppose 4*b - 2 = 2*c - 4, -6 = -2*c. Let m(l) = 23*l - 1. Calculate the remainder when m(b) is divided by g.
2
Let g be (-5)/((-1)/54*15). Suppose g*s + 54 = 20*s. What is the remainder when 537 is divided by s?
24
Suppose 1216 = -72*j + 224*j. What is the remainder when 167 is divided by j?
7
Suppose -83*o + 595 = -66*o. Calculate the remainder when -3 + -244*(-3)/6 is divided by o.
14
Suppose 87*m = -86*m + 419337 - 58286. Calculate the remainder when m is divided by 116.
115
Let f = -3193 + 3282. Calculate the remainder when 150 is divide